{"id":678,"date":"2016-11-17T17:42:57","date_gmt":"2016-11-17T15:42:57","guid":{"rendered":"http:\/\/timsspei.splet.arnes.si\/?page_id=678"},"modified":"2021-01-11T19:04:25","modified_gmt":"2021-01-11T18:04:25","slug":"timss-2015","status":"publish","type":"page","link":"https:\/\/timsspei.splet.arnes.si\/?page_id=678","title":{"rendered":"TIMSS 2015"},"content":{"rendered":"<h5><span style=\"color: #e31d1a\">O TIMSS 2015: <\/span><\/h5>\n<ul>\n<li><span style=\"color: #044a8c\"><a style=\"color: #044a8c\" href=\"http:\/\/timsspei.splet.arnes.si\/files\/2016\/11\/O-TIMSS-15-na-kratko.pdf\">O TIMSS 15 na kratko<\/a>,<\/span>\u00a0<span style=\"color: #044a8c\"><a style=\"color: #044a8c\" href=\"http:\/\/timsspei.splet.arnes.si\/files\/2016\/11\/O-TIMSS-15-na-dolgo.pdf\">O TIMSS 15 na dolgo<\/a><\/span><\/li>\n<li><a href=\"http:\/\/timsspei.splet.arnes.si\/files\/2014\/03\/TIMSS-Advanced-povzetek-izhodi%C5%A1%C4%8D-matematika.pdf\">TIMSS za maturante: povzetek izhodi\u0161\u010d matematike<\/a><\/li>\n<li><a href=\"http:\/\/timsspei.splet.arnes.si\/files\/2014\/03\/TIMSS-Advanced-povzetek-izhodi%C5%A1%C4%8D-fizike.pdf\">TIMSS za maturante: povzetek izhodi\u0161\u010d fizike<\/a><\/li>\n<li><a href=\"http:\/\/timsspei.splet.arnes.si\/files\/2013\/11\/Izhodisca-timss-15.pdf\">TIMSS za osnovno \u0161olo: Izhodi\u0161\u010da matematike in naravoslovja<\/a><\/li>\n<\/ul>\n<h5><span style=\"color: #e31d1a\">Mednarodni rezultati:<\/span><\/h5>\n<ul>\n<li><span style=\"color: #000000\">Osnovna \u0161ola:\u00a0<\/span><a href=\"https:\/\/timss.bc.edu\/timss2015\/\">https:\/\/timss.bc.edu\/timss2015<\/a><\/li>\n<li>Maturanti: <a href=\"https:\/\/timssandpirls.bc.edu\/timss2015\/advanced\/\">https:\/\/timssandpirls.bc.edu\/timss2015\/advanced\/<\/a><\/li>\n<li><span style=\"font-size: inherit;color: #000000\">Podatkovne zbirke<\/span><span style=\"font-size: inherit\">: <\/span><a style=\"font-size: inherit\" href=\"https:\/\/timss.bc.edu\/timss2015\/international-database\/index.html\">TIMSS 2015<\/a><span style=\"font-size: inherit\"> in <\/span><a style=\"font-size: inherit\" href=\"https:\/\/timss.bc.edu\/timss2015\/advanced-international-database\/index.html\">TIMSS Advanced 2015<\/a><\/li>\n<\/ul>\n<p style=\"padding-left: 40px\"><em><span style=\"color: #000000\">OPOZORILO:<\/span> V objavljeni mednarodni bazi so zaradi za\u0161\u010dite pred razkritjem vse \u0161tevilske identifikacije \u0161ol, u\u010diteljev in u\u010dencev druga\u010dne, kot so bile ob zbiranju podatkov. <\/em><\/p>\n<h5><span style=\"color: #d1041c\">Slovenski rezultati in poro\u010dila<span style=\"color: #044a8c\"><a href=\"http:\/\/timsspei.splet.arnes.si\/files\/2016\/12\/plakat16-2-e1480628324274.jpg\"><img loading=\"lazy\" decoding=\"async\" class=\"wp-image-794 alignright\" src=\"http:\/\/timsspei.splet.arnes.si\/files\/2016\/12\/plakat16-2-e1480628324274.jpg\" alt=\"plakat16 2\" width=\"321\" height=\"455\" \/><\/a><\/span><\/span><\/h5>\n<ul>\n<li><span style=\"color: #044a8c\"><a style=\"color: #044a8c\" href=\"http:\/\/timsspei.splet.arnes.si\/files\/2016\/11\/TIMSS-2015-povzetki.pdf\" target=\"_blank\" rel=\"noopener noreferrer\">Povzetki rezultatov<\/a><\/span><\/li>\n<li><span style=\"color: #044a8c\"><a style=\"color: #044a8c\" href=\"http:\/\/timsspei.splet.arnes.si\/files\/2016\/11\/TIMSS-15-izjava-za-medije.pdf\" target=\"_blank\" rel=\"noopener noreferrer\">Izjava za medije<\/a><\/span><\/li>\n<li><span style=\"color: #044a8c\"><a style=\"color: #044a8c\" href=\"http:\/\/timsspei.splet.arnes.si\/files\/2016\/11\/predstavitev-timss15-na-tiskovki.pdf\">Predstavitev TIMSS 2015 na tiskovni konferenci<\/a><\/span><\/li>\n<li><span style=\"color: #044a8c\"><a style=\"color: #044a8c\" href=\"http:\/\/timsspei.splet.arnes.si\/files\/2016\/11\/plakat16-2.pdf\">Plakat z rezultati<\/a><\/span><\/li>\n<li>Poro\u010dila\n<ul>\n<li><span style=\"color: #993300\"><span style=\"color: #000000\">Maturanti:<\/span> <\/span><a href=\"http:\/\/timsspei.splet.arnes.si\/files\/2017\/06\/13-TA15-preduniverzitetna.pdf\">Znanje preduniverzitetne matematike in fizike v Sloveniji in po svetu<\/a><\/li>\n<li><span style=\"color: #000000\">4. razred: <\/span><a href=\"http:\/\/timsspei.splet.arnes.si\/files\/2016\/11\/T15-druga-cetrtosolci.pdf\">Znanje matematike in naravoslovja med \u010detrto\u0161olci v Sloveniji in po svetu<\/a><\/li>\n<li><span style=\"color: #000000\">8. razred:<\/span><a href=\"http:\/\/timsspei.splet.arnes.si\/files\/2016\/11\/T15-tretja-osmosolci.pdf\">Znanje matematike in naravoslovja med osmo\u0161olci v Sloveniji in po svetu<\/a><\/li>\n<\/ul>\n<\/li>\n<\/ul>\n<h5><span style=\"font-size: inherit;color: #e31d1a\">Vpra\u0161alniki:<\/span><\/h5>\n<ul>\n<li>4. razred:\u00a0<a href=\"http:\/\/timsspei.splet.arnes.si\/files\/2016\/11\/T15_HQ_4.pdf\">Za star\u0161e 4<\/a>;\u00a0<a href=\"http:\/\/timsspei.splet.arnes.si\/files\/2016\/11\/T15_TQ_4.pdf\">Za u\u010ditelje 4<\/a>; \u00a0<a href=\"http:\/\/timsspei.splet.arnes.si\/files\/2016\/11\/T15_SchQ_4.pdf\">Za ravnatelje\/\u0161ole 4<\/a>;\u00a0<a href=\"http:\/\/timsspei.splet.arnes.si\/files\/2016\/11\/T15_StuQ_4.pdf\">Za u\u010dence 4<\/a>;<\/li>\n<li>8. razred:\u00a0<a href=\"http:\/\/timsspei.splet.arnes.si\/files\/2016\/11\/T15_SchQ_8.pdf\">Za ravnatelje\/\u0161ole 8<\/a>; <a href=\"http:\/\/timsspei.splet.arnes.si\/files\/2016\/11\/T15_TQM_8.pdf\">Za u\u010ditelje matematike 8<\/a>;\u00a0<a href=\"http:\/\/timsspei.splet.arnes.si\/files\/2016\/11\/T15_TQS_8.pdf\">Za u\u010ditelje naravoslovnih predmetov 8<\/a>; <a href=\"http:\/\/timsspei.splet.arnes.si\/files\/2016\/11\/T15_StuQ_SepSc_8.pdf\">Za u\u010dence 8<\/a>;<\/li>\n<li>maturanti:\u00a0<a href=\"http:\/\/timsspei.splet.arnes.si\/files\/2016\/11\/TA15_StuQ_Math.pdf\">Za gimnazijske dijake o matematiki<\/a>;\u00a0<a href=\"http:\/\/timsspei.splet.arnes.si\/files\/2016\/11\/TA15_StuQ_Physics.pdf\">Za gimnazijske dijake o fiziki<\/a>; <a href=\"http:\/\/timsspei.splet.arnes.si\/files\/2016\/11\/TA15_TQ_Math.pdf\">Za gimnazijske u\u010ditelje matematike; \u00a0<\/a><a href=\"http:\/\/timsspei.splet.arnes.si\/files\/2016\/11\/TA15_TQ_Physics.pdf\">Za gimnazijske u\u010ditelje fizike<\/a>;\u00a0 <a href=\"http:\/\/timsspei.splet.arnes.si\/files\/2016\/11\/TA15_SchQ.pdf\">Za ravnatelje gimnazij<\/a><\/li>\n<\/ul>\n<p><em>Opomba: Javno dostopne naloge iz preizkusov za u\u010dence in dijake so v poro\u010dilih skupaj s slovenskimi rezultati in primerjavo z re\u0161evanjem v letu 2011 in po spolu.<\/em><\/p>\n<h5><span style=\"color: #e31d1a\">Objave analiz podatkov iz TIMSS in TIMSS Advanced:<\/span><\/h5>\n<ul>\n<li><a href=\"http:\/\/timsspei.splet.arnes.si\/files\/2017\/02\/timss15-na-metodolo\u0161kem-srecanju-finale.pdf\">Timss Advanced in matura iz matematike po spolu<\/a>\u00a0(povezava med dose\u017eki TIMSS, oenami na maturi in \u0161olskimi ocenami)<\/li>\n<li><a href=\"http:\/\/timsspei.splet.arnes.si\/files\/2017\/02\/o-TIMSS-za-IBMI.pdf\">Statistika v ozadju mednarodnih raziskav znanja\u00a0<\/a>(pregled metodologije v ozadju raziskave s hitrimi navodili za analize podatkov)<\/li>\n<li><a href=\"http:\/\/timsspei.splet.arnes.si\/files\/2016\/11\/iz-timss15-predstavitev-za-uradov-petek_motivacija-finale.pdf\">Iz timss15: motivacija za u\u010denje<\/a>\u00a0(natan\u010dnej\u0161i pogled v indekse\u00a0motivacije za u\u010denje matematike in naravoslovja v osnovni \u0161oli)<\/li>\n<\/ul>\n<h5><span style=\"color: #d1041c\">Kako analizirati podatke?<\/span><\/h5>\n<p>Podatki so v obliki za delo s paketoma SPSS ali SAS. Za analize potrebujete \u0161e vmesnik <span style=\"color: #d1041c\">IDB Analyzer<\/span> (dostopen <span style=\"color: #044a8c\"><a style=\"color: #044a8c\" href=\"https:\/\/www.iea.nl\/data-tools\/tools#section-308\">tukaj<\/a><\/span>). Analize podatkov opravite tako, da za\u017eenete IDB Analyzer in izberete ustrezno analizo za izbrane podatke. S tem, ko jo shranite, se zapi\u0161e sintaksa za SPSS in se tudi avtomatsko za\u017eene skupaj z spss. Rezultati se izpi\u0161ejo v obliki SPSS in vzporedno kot excell tabele.<\/p>\n<p>Priro\u010dniki za analize, mednarodni vpra\u0161alniki z vpisanimi spremenljivkami za la\u017ejo orientacijo pri delu s podatki ter razli\u010dni osnovni izra\u010duni so na voljo z zbirkami podatkov.<\/p>\n\n\n<p>&nbsp;<\/p>\n","protected":false},"excerpt":{"rendered":"<p>O TIMSS 2015: O TIMSS 15 na kratko,\u00a0O TIMSS 15 na dolgo TIMSS za maturante: povzetek izhodi\u0161\u010d matematike TIMSS za maturante: povzetek izhodi\u0161\u010d fizike TIMSS za osnovno \u0161olo: Izhodi\u0161\u010da matematike in naravoslovja Mednarodni rezultati: Osnovna&#46;&#46;&#46;<\/p>\n","protected":false},"author":147,"featured_media":0,"parent":0,"menu_order":0,"comment_status":"open","ping_status":"open","template":"","meta":{"ngg_post_thumbnail":0,"footnotes":""},"class_list":["post-678","page","type-page","status-publish","hentry"],"_links":{"self":[{"href":"https:\/\/timsspei.splet.arnes.si\/index.php?rest_route=\/wp\/v2\/pages\/678","targetHints":{"allow":["GET"]}}],"collection":[{"href":"https:\/\/timsspei.splet.arnes.si\/index.php?rest_route=\/wp\/v2\/pages"}],"about":[{"href":"https:\/\/timsspei.splet.arnes.si\/index.php?rest_route=\/wp\/v2\/types\/page"}],"author":[{"embeddable":true,"href":"https:\/\/timsspei.splet.arnes.si\/index.php?rest_route=\/wp\/v2\/users\/147"}],"replies":[{"embeddable":true,"href":"https:\/\/timsspei.splet.arnes.si\/index.php?rest_route=%2Fwp%2Fv2%2Fcomments&post=678"}],"version-history":[{"count":23,"href":"https:\/\/timsspei.splet.arnes.si\/index.php?rest_route=\/wp\/v2\/pages\/678\/revisions"}],"predecessor-version":[{"id":1030,"href":"https:\/\/timsspei.splet.arnes.si\/index.php?rest_route=\/wp\/v2\/pages\/678\/revisions\/1030"}],"wp:attachment":[{"href":"https:\/\/timsspei.splet.arnes.si\/index.php?rest_route=%2Fwp%2Fv2%2Fmedia&parent=678"}],"curies":[{"name":"wp","href":"https:\/\/api.w.org\/{rel}","templated":true}]}}